) = -3 + 8*g + t + 11*g. Let b be j(8). What is the highest common factor of 22 and b?
22
Let j(t) = t**3 - 8*t**2 + 8*t - 5. Let n be j(7). Suppose 18 = 2*r - 4*v, -n*r - 24 = -4*r - 2*v. Calculate the greatest common factor of 11 and r.
11
Let w(y) be the first derivative of 5*y**2/2 - y + 1. Let r = 8 + -1. Let b be w(r). Calculate the greatest common factor of b and 51.
17
Let x be 144/28 - (-5)/(-35) - 1. Calculate the greatest common factor of x and 5.
1
Suppose -5*t + 15 + 13 = 2*s, -4*s + 28 = 3*t. Let m be 1/(-4) - (-33)/t. Let i = 56 - 0. What is the highest common factor of m and i?
8
Let p = 1 + -6. Let v be 1/p + (-524)/(-20). Suppose 2*t + 3*t + g - 68 = 0, 0 = 4*t + g - 55. What is the greatest common divisor of t and v?
13
Suppose 0 = 3*s - 3*j + 5*j - 1231, -3*j = 5*s - 2053. Suppose -2*u + s = 5*z, 4*z - u - 2*u - 312 = 0. Calculate the highest common divisor of 9 and z.
9
Suppose -2*u = -2 - 4. Suppose -u*z - z + 222 = 2*r, -12 = -4*z. Let i = -61 + r. What is the greatest common factor of i and 4?
4
Suppose t - 40 = -3*t. Let f = -62 - -172. What is the greatest common divisor of f and t?
10
Let q be (-4)/10 + 164/10. Let o(g) = 24*g**2 + g + 1. Let l be o(-1). Calculate the greatest common factor of l and q.
8
Suppose h + 2*h = -4*t + 36, 4*h - 38 = -2*t. Let b = -17 - -38. Let j = 93 - b. What is the greatest common factor of h and j?
8
Let w(b) = -2*b + 2. Let j be w(-4). Calculate the highest common factor of j and 80.
10
Suppose -2 + 3 = -a. Let x(y) = 2*y**2 + y + 1. Let m be x(a). What is the greatest common factor of m and 1?
1
Suppose -2*h + h + 173 = 5*g, -2*h = -g + 28. What is the greatest common factor of 34 and g?
34
Suppose 2*g - 7*g = 660. Let w be (-2)/(-11) - 2088/g. Calculate the greatest common factor of 8 and w.
8
Let d = 123 + -71. What is the greatest common factor of 26 and d?
26
Suppose -3*g - 423 = -6*g. Let r = -42 + g. Let u = 22 - 13. What is the highest common factor of r and u?
9
Let k be (3/(-6))/(-2*(-5)/(-780)). Calculate the greatest common factor of 52 and k.
13
Let s = -15 - -31. Calculate the greatest common factor of s and 112.
16
Let y = -7 - -35. Suppose -y - 4 = -4*v. What is the greatest common divisor of 24 and v?
8
Let k = -21 - -27. Let a(s) = -s**3 + 4*s**2 - 6*s. Let w be a(4). Let n = 36 + w. What is the highest common divisor of n and k?
6
Let q(s) = -6*s - 76. Let a be q(-17). Suppose 4*l - 251 = 3*w, 3*l - 5*w - 67 = 113. Calculate the greatest common factor of a and l.
13
Let s be 2/6 - (-236)/12. Let q = s - 28. Let w = 11 + q. Calculate the greatest common divisor of w and 3.
3
Let s = 12 + -10. Suppose 4*m = s*f + 442, -2*f + f + 329 = 3*m. Calculate the greatest common factor of 22 and m.
22
Suppose 16*d = 19*d - 324. Calculate the highest common divisor of d and 27.
27
Let j(r) = r. Let f be j(-6). Let m be ((-12)/f)/((-1)/(-14)). Suppose -2*g + 0 = 5*b - 8, 3*b + 40 = 2*g. What is the highest common divisor of m and g?
14
Let b(i) = i**2 + i - 2. Let k be b(2). Let t = -12 + k. Let j be 4/(-6)*156/t. What is the highest common divisor of j and 13?
13
Suppose 6*q + 50 = 11*q. Let c be (-54)/(-30) - (-2)/q. What is the highest common factor of c and 2?
2
Suppose 7*l = -9*l + 704. What is the greatest common factor of 33 and l?
11
Let r = 20 + -17. Let g be 8/6 + 50/r. Calculate the greatest common divisor of 27 and g.
9
Let k(s) = -s + 6. Let a be k(4). Suppose -5*f + 2*g - 66 = -7*f, 0 = 4*f + a*g - 130. What is the greatest common factor of f and 48?
16
Suppose -18 = -5*a + 77. Suppose -m = -a - 1. Suppose -3*c - 2 + 62 = 0. Calculate the highest common factor of m and c.
20
Suppose -i = -0*n - 3*n - 19, i - 4*n = 24. Let s = i + -13. Let u = s + 21. Calculate the highest common factor of u and 96.
12
Suppose -2*g - 2*g = -64. Calculate the highest common divisor of 32 and g.
16
Let g be (-2)/2 + (-57)/(-1). Suppose -5*o + g = -3*t, 2*o - t - 4*t = 30. Calculate the highest common factor of 40 and o.
10
Let f = 27 + 12. What is the greatest common factor of 52 and f?
13
Suppose 17 = -3*f + 5*t, -2*t = -f + 3*f - 10. What is the highest common factor of f and 2?
1
Suppose 3*d = -5*k + 3*k + 175, 285 = 5*d + 5*k. Let o = d - 42. What is the highest common factor of o and 38?
19
Let a = 79 + -47. Let u = 6 + a. What is the highest common factor of 95 and u?
19
Suppose 0 = t - 2*t + 21. Calculate the highest common divisor of t and 189.
21
Suppose 4*g + 3*x - 172 - 425 = 0, g = -2*x + 143. Calculate the greatest common divisor of g and 34.
17
Let x be (17/5 + -3)*5. What is the highest common divisor of 5 and x?
1
Let d be 2*(-5 - 434/(-4)). Calculate the highest common divisor of d and 9.
9
Let f = -8 + 13. Suppose r + f*m - 11 = -0*r, r = -4*m + 10. What is the highest common factor of 66 and r?
6
Suppose 3*j = 6*j - 6, 0 = 3*s - 3*j. Suppose -4*h + 0*w - 8 = 5*w, -w = 0. Let n be 1 - 0/((-6)/h). Calculate the highest common factor of s and n.
1
Suppose 18 + 3 = 3*t. Let u be 6/4*(-3 + t). What is the highest common divisor of 9 and u?
3
Let j = -44 - -59. Calculate the greatest common factor of 3 and j.
3
Let u(q) = -2*q - 18. Let a be u(-12). What is the greatest common divisor of a and 12?
6
Suppose -v - 2 = -21. Calculate the greatest common divisor of v and 19.
19
Suppose 3*w = -2*l + 88, 5*w - 4*l - 42 = 68. Calculate the highest common divisor of w and 26.
26
Let v be (-93 + 3/1)/(-1). What is the highest common divisor of v and 10?
10
Suppose u - 4*m - 164 = 0, 5*u - 487 = 5*m + 408. Suppose 2*g = -2*g + 92. What is the greatest common factor of u and g?
23
Let h(o) = 2*o - 4. Let u be h(16). Calculate the greatest common divisor of 7 and u.
7
Suppose 2*b = -5*i - 34, 7*i + 5*b = 3*i - 34. Let f = -4 - i. Let d = -16 + 38. What is the highest common factor of f and d?
2
Let i(b) = b**3 + 0*b - 3*b**2 - 2*b + 0*b. Let k be ((-15)/(-10))/(-2*3/(-20)). Let m be i(k). What is the highest common divisor of 8 and m?
8
Let p be ((-1)/3)/(1/(-15)). Let c be (-53)/((1*-2)/2). Let d = c + -8. Calculate the greatest common divisor of d and p.
5
Let p be 1/(-2)*(2 + -2). Suppose -2*y + 4 = -p*y. Let r be 6*(5/(-3) + y). What is the highest common factor of r and 1?
1
Let i be (-1)/((-6)/9*(-9)/(-12)). Calculate the greatest common divisor of i and 8.
2
Let u(s) be the first derivative of 2*s**3/3 - 4*s - 1. Let o be u(3). Calculate the highest common divisor of 14 and o.
14
Let t = -33 + 66. Let h = t + -18. What is the greatest common factor of h and 6?
3
Let o = 9 - 3. Suppose -4*a = -o*a + 10. What is the highest common divisor of 45 and a?
5
Let z(j) = -j**2 + 2*j + 2. Let m be z(2). Suppose 0 = -m*u + 16 + 2. Let a = 86 - 5. What is the highest common factor of u and a?
9
Suppose -5*o + 29 + 6 = 0. Let t = o - 4. Suppose 3*m = -m - 8, 10 = v + t*m. Calculate the highest common factor of 112 and v.
16
Suppose 3*o = 8*o - 45. Let t(j) = -2*j - 3. Let w be t(-2). Suppose -2*k = u - 15 - w, k = -5*u - 1. Calculate the greatest common divisor of o and k.
9
Let y be (-5)/(-1) + 6/(-3). Let g(v) = 9*v - 3. Let c be g(2). Calculate the greatest common factor of y and c.
3
Let j = 102 + -63. Suppose -j = -4*k + 9. What is the highest common divisor of 36 and k?
12
Let x(r) = -r**3 - 17*r**2 - 5*r - 29. Let l be x(-17). What is the greatest common divisor of 14 and l?
14
Suppose 4*r + 2*z - 48 = 4*z, -r - z = -18. Suppose 3*k - r = v, -2*v + 4*v = -k. What is the greatest common factor of k and 4?
4
Suppose 0*k = -4*k + 24. Let q(o) be the first derivative of -o**4/4 + 5*o**3/3 - 3*o**2/2 - 2. Let x be q(2). What is the highest common divisor of k and x?
6
Let z(c) = c**3 - 4*c**2 + 2*c + 3. Let a be z(4). What is the highest common factor of 33 and a?
11
Suppose -7*d + 15 = -2*d. Let b = -2 + d. Let f = 5 + b. Calculate the greatest common divisor of f and 66.
6
Suppose -3*b = -3*f + 6, -b + 0*b - 10 = 3*f. Let x be (f + 6)*(-10)/(-4). Let n be ((-30)/24)/((-3)/72). Calculate the greatest common factor of n and x.
10
Let n be (-28)/(-6)*3/2. Let t(p) = -4*p - 8. Let x be t(-16). What is the highest common divisor of n and x?
7
Suppose 5*x - 25 = 0, 4*x + 80 = 3*n - 71. Suppose -81 = -3*r + n. Calculate the highest common divisor of 115 and r.
23
Let t = 198 - 350. Let f 